{"id":86,"date":"2025-03-19T16:01:20","date_gmt":"2025-03-19T16:01:20","guid":{"rendered":"https:\/\/iasrr.com\/2025\/?page_id=86"},"modified":"2025-03-28T19:29:32","modified_gmt":"2025-03-28T19:29:32","slug":"tente","status":"publish","type":"page","link":"https:\/\/iasrr.com\/2025\/tente\/","title":{"rendered":"Ruedas Marca Tente"},"content":{"rendered":"\n<figure class=\"wp-block-image aligncenter size-full gtfy-1\"><img loading=\"lazy\" decoding=\"async\" width=\"359\" height=\"140\" src=\"https:\/\/iasrr.com\/2025\/wp-content\/uploads\/2025\/03\/tente.png\" alt=\"\" class=\"wp-image-93\" srcset=\"https:\/\/iasrr.com\/2025\/wp-content\/uploads\/2025\/03\/tente.png 359w, https:\/\/iasrr.com\/2025\/wp-content\/uploads\/2025\/03\/tente-300x117.png 300w\" sizes=\"auto, (max-width: 359px) 100vw, 359px\" \/><\/figure>\n\n\n\n<figure class=\"wp-block-image size-full gtfy-4\"><img loading=\"lazy\" decoding=\"async\" width=\"958\" height=\"306\" src=\"https:\/\/iasrr.com\/2025\/wp-content\/uploads\/2025\/03\/ruedas-tente-2.jpg\" alt=\"\" class=\"wp-image-111\" srcset=\"https:\/\/iasrr.com\/2025\/wp-content\/uploads\/2025\/03\/ruedas-tente-2.jpg 958w, https:\/\/iasrr.com\/2025\/wp-content\/uploads\/2025\/03\/ruedas-tente-2-300x96.jpg 300w, https:\/\/iasrr.com\/2025\/wp-content\/uploads\/2025\/03\/ruedas-tente-2-768x245.jpg 768w\" sizes=\"auto, (max-width: 958px) 100vw, 958px\" \/><\/figure>\n\n\n\n<h2 class=\"wp-block-heading has-text-align-center gtfy-7\">\u00bfQu\u00e9 requisitos deben cumplir las ruedas? <\/h2>\n\n\n\n<figure class=\"wp-block-table gtfy-10\"><table class=\"has-fixed-layout\"><tbody><tr><td><strong>CAPACIDAD DE CARGA<\/strong><\/td><td>La capacidad de carga est\u00e1 determinada<br>por la suma del peso del dispositivo de<br>transporte m\u00e1s la carga \u00fatil m\u00e1xima<br>dividida entre 3:<\/td><\/tr><tr><td><strong>ALTURA TOTAL<\/strong><\/td><td>Altura total de la rueda una vez<br>instalada en el equipo.<\/td><\/tr><tr><td><strong>DI\u00c1METRO DE RUEDA<\/strong><\/td><td>Cuanto mayor sea el di\u00e1metro, m\u00e1s f\u00e1cil<br>ser\u00e1 superar obst\u00e1culos.<\/td><\/tr><tr><td><strong>RESISTENCIA A LA TEMPERATURA<\/strong><\/td><td>Disponemos de ruedas para<br>aplicaciones que van desde -40\u00ba<br>hasta +280\u00ba.<\/td><\/tr><tr><td><strong>CONDUCTIVIDAD EL\u00c9CTRICA<\/strong><\/td><td>Para evitar descargas electrost\u00e1ticas,<br>ofrecemos ruedas con capacidades<br>electro-conductivas.<\/td><\/tr><tr><td><strong>RESISTENCIA A LA CORROSI\u00d3N<\/strong><\/td><td>Para ruedas utilizadas en ambientes<br>h\u00famedos o en contacto con substancias<br>agresivas, TENTE ofrece versiones con<br>materiales duraderos.<\/td><\/tr><\/tbody><\/table><\/figure>\n\n\n\n<div class=\"wp-block-buttons is-content-justification-center is-layout-flex wp-container-core-buttons-is-layout-a89b3969 wp-block-buttons-is-layout-flex gtfy-14\">\n<div data-aos-duration=\"1000\" class=\"wp-block-button is-style-fill gtfy-13\"><a class=\"wp-block-button__link wp-element-button\" href=\"https:\/\/iasrr.com\/2025\/wp-content\/uploads\/2025\/03\/catalogo-tente.pdf\">Descargar Cat\u00e1logo<\/a><\/div>\n<\/div>\n","protected":false},"excerpt":{"rendered":"<p>\u00bfQu\u00e9 requisitos deben cumplir las ruedas? CAPACIDAD DE CARGA La capacidad de carga est\u00e1 determinadapor [&hellip;]<\/p>\n","protected":false},"author":1,"featured_media":0,"parent":0,"menu_order":0,"comment_status":"closed","ping_status":"closed","template":"","meta":{"_gutenify_countdown_timer_type":"fixed","_gutenify_countdown_timer_evergreen_hours":24,"_gutenify_countdown_timer_evergreen_minutes":0,"_gutenify_countdown_timer_date":"","_gutenify_countdown_timer_timezone":"US\/Eastern","_gutenify_countdown_timer_end_action":"none","_gutenify_countdown_timer_hide_selector":"","_gutenify_countdown_timer_redirect_url":"","footnotes":""},"class_list":["post-86","page","type-page","status-publish","hentry"],"_links":{"self":[{"href":"https:\/\/iasrr.com\/2025\/wp-json\/wp\/v2\/pages\/86","targetHints":{"allow":["GET"]}}],"collection":[{"href":"https:\/\/iasrr.com\/2025\/wp-json\/wp\/v2\/pages"}],"about":[{"href":"https:\/\/iasrr.com\/2025\/wp-json\/wp\/v2\/types\/page"}],"author":[{"embeddable":true,"href":"https:\/\/iasrr.com\/2025\/wp-json\/wp\/v2\/users\/1"}],"replies":[{"embeddable":true,"href":"https:\/\/iasrr.com\/2025\/wp-json\/wp\/v2\/comments?post=86"}],"version-history":[{"count":10,"href":"https:\/\/iasrr.com\/2025\/wp-json\/wp\/v2\/pages\/86\/revisions"}],"predecessor-version":[{"id":142,"href":"https:\/\/iasrr.com\/2025\/wp-json\/wp\/v2\/pages\/86\/revisions\/142"}],"wp:attachment":[{"href":"https:\/\/iasrr.com\/2025\/wp-json\/wp\/v2\/media?parent=86"}],"curies":[{"name":"wp","href":"https:\/\/api.w.org\/{rel}","templated":true}]}}